{"id":51,"date":"2017-05-06T07:12:58","date_gmt":"2017-05-06T07:12:58","guid":{"rendered":"http:\/\/schmahl-vellmar.de\/?page_id=51"},"modified":"2017-05-06T07:12:58","modified_gmt":"2017-05-06T07:12:58","slug":"software-pruefmittelueberwachung","status":"publish","type":"page","link":"https:\/\/schmahl-vellmar.de\/?page_id=51","title":{"rendered":"SOFTWARE PR\u00dcFMITTEL\u00dcBERWACHUNG"},"content":{"rendered":"<p><b>Vertrieb und Installation, sowie die Schulung im Umgang mit der Quality Management Software biete ich aus einer Hand. <\/b>In enger Zusammenarbeit mit unserem Systemhaus der L&amp;W GmbH aus Dresden werden die detaillierten Kundenanforderungen umgesetzt. Ich begleite Sie von der Konzeption bis zur Umsetzung im Unternehmen.<\/p>\n<p>Im folgenden ist eine <i><b>Auszug der Kurzbeschreibung <\/b><\/i>des aktuellen Produktportfolio dargestellt:<\/p>\n<p><i>&#8222;Die Sicherung der Produktqualit\u00e4t hat in gro\u00dfem Ma\u00dfe Einfluss auf die Wettbewerbsf\u00e4higkeit Ihres Unternehmens. Vor allem im Bereich der mechanischen Fertigung und Montage spielt dabei das Pr\u00fcfmittelmanagement eine entscheidende Rolle. Es er\u00f6ffnet neben der generellen Sicherung des Austauschbaus und der pr\u00e4ventiven Abwendung von Produkthaftungsrisiken viele Chancen, die Qualit\u00e4t Ihrer Erzeugnisse und damit den wirtschaftlichen Erfolg Ihres Unternehmens abzusichern. Hierf\u00fcr haben wir eine bew\u00e4hrte, hocheffiziente L\u00f6sung:<\/i><\/p>\n<p><i>\u00a0<\/i><img loading=\"lazy\" decoding=\"async\" class=\"alignnone wp-image-52 size-full\" src=\"http:\/\/schmahl-vellmar.de\/wp-content\/uploads\/2017\/05\/LW_qmshell32-049.jpg\" alt=\"\" width=\"799\" height=\"207\" srcset=\"https:\/\/schmahl-vellmar.de\/wp-content\/uploads\/2017\/05\/LW_qmshell32-049.jpg 799w, https:\/\/schmahl-vellmar.de\/wp-content\/uploads\/2017\/05\/LW_qmshell32-049-300x78.jpg 300w, https:\/\/schmahl-vellmar.de\/wp-content\/uploads\/2017\/05\/LW_qmshell32-049-768x199.jpg 768w\" sizes=\"auto, (max-width: 767px) 89vw, (max-width: 1000px) 54vw, (max-width: 1071px) 543px, 580px\" \/><\/p>\n<p><i>\u00a0QMSOFT\u00ae\u00a0 (Quality Management Software) h\u00e4lt mit Ihren gewachsenen Anforderungen an die Systemstabilit\u00e4t, an die Bedienerfreundlichkeit, an die Datensicherheit sowie an die Flexibilit\u00e4t von Export-\/Import-Schnittstellen Schritt und arbeitet unter allen aktuellen Windows-Betriebssystemen:<\/i><\/p>\n<ul type=\"circle\">\n<li><i>Alle ben\u00f6tigten Nennma\u00dfe und Toleranzen von Standard-Pr\u00fcfmitteln werden vom System auf Knopfdruck bereitgestellt! Die QMSOFT\u00ae-Normenbibliotheken sind die umfangreichsten ihrer Art am Markt, und sie werden inzwischen von anderen namhaften Software-Anbietern in deren Systemen eingesetzt.<br \/>\n<\/i><\/li>\n<li><i>\u00a0Pr\u00fcfmittelkalibrierungen werden direkt aus dem QMSOFT\u00ae-Managementsystem heraus gestartet und mit einem speziell f\u00fcr die aktuelle Messaufgabe konzipierten QMSOFT\u00ae-Modul durchgef\u00fchrt<br \/>\n<\/i><\/li>\n<li><i>QMSOFT\u00ae ist ein &#8222;schl\u00fcsselfertiges&#8220; System: vorgefertigte Pr\u00fcfabl\u00e4ufe f\u00fcr Standard-Messmittel sind exakt nach den Vorgaben der Normen bzw. VDI-Vorschriften ausgelegt, d.h. Pr\u00fcfmittelkalibrierungen k\u00f6nnen sofort und ohne die vorherige Definition spezieller Pr\u00fcfpl\u00e4ne gestartet werden!<br \/>\n<\/i><\/li>\n<li><i>QMSOFT\u00ae kommuniziert mit allen markt\u00fcblichen L\u00e4ngenmessger\u00e4ten der verschiedensten Hersteller und bietet damit die M\u00f6glichkeit der Laborintegration, d.h. alle Arbeitspl\u00e4tze im Kalibrierlabor arbeiten mit jeweils unterschiedlicher Messger\u00e4te-Hardware unter einer einheitlichen Bedienoberfl\u00e4che!<br \/>\n<\/i><\/li>\n<li><i>Die Erzeugung von QMSOFT\u00ae-Kalibrierzertifikaten basiert auf anpassbaren Layout-Vorlagen mit m\u00e4chtigen Funktionen zur Steuerung der Formatierungen. Mehrsprachige Dokumente sind kein Problem!&#8220;<\/i><\/li>\n<\/ul>\n<p><a href=\"http:\/\/www.lw-gmbh.com\/\" target=\"_blank\" rel=\"noopener noreferrer\">f\u00fcr weitere Informationen gehen sie bitte auf die Homepage der L&amp;W GmbH<\/a><\/p>\n","protected":false},"excerpt":{"rendered":"<p>Vertrieb und Installation, sowie die Schulung im Umgang mit der Quality Management Software biete ich aus einer Hand. In enger Zusammenarbeit mit unserem Systemhaus der L&amp;W GmbH aus Dresden werden die detaillierten Kundenanforderungen umgesetzt. Ich begleite Sie von der Konzeption bis zur Umsetzung im Unternehmen. Im folgenden ist eine Auszug der Kurzbeschreibung des aktuellen Produktportfolio &hellip; <\/p>\n<p class=\"link-more\"><a href=\"https:\/\/schmahl-vellmar.de\/?page_id=51\" class=\"more-link\"><span class=\"screen-reader-text\">\u201eSOFTWARE PR\u00dcFMITTEL\u00dcBERWACHUNG\u201c <\/span>weiterlesen<\/a><\/p>\n","protected":false},"author":1,"featured_media":0,"parent":0,"menu_order":0,"comment_status":"closed","ping_status":"closed","template":"","meta":{"footnotes":""},"class_list":["post-51","page","type-page","status-publish","hentry"],"_links":{"self":[{"href":"https:\/\/schmahl-vellmar.de\/index.php?rest_route=\/wp\/v2\/pages\/51","targetHints":{"allow":["GET"]}}],"collection":[{"href":"https:\/\/schmahl-vellmar.de\/index.php?rest_route=\/wp\/v2\/pages"}],"about":[{"href":"https:\/\/schmahl-vellmar.de\/index.php?rest_route=\/wp\/v2\/types\/page"}],"author":[{"embeddable":true,"href":"https:\/\/schmahl-vellmar.de\/index.php?rest_route=\/wp\/v2\/users\/1"}],"replies":[{"embeddable":true,"href":"https:\/\/schmahl-vellmar.de\/index.php?rest_route=%2Fwp%2Fv2%2Fcomments&post=51"}],"version-history":[{"count":1,"href":"https:\/\/schmahl-vellmar.de\/index.php?rest_route=\/wp\/v2\/pages\/51\/revisions"}],"predecessor-version":[{"id":53,"href":"https:\/\/schmahl-vellmar.de\/index.php?rest_route=\/wp\/v2\/pages\/51\/revisions\/53"}],"wp:attachment":[{"href":"https:\/\/schmahl-vellmar.de\/index.php?rest_route=%2Fwp%2Fv2%2Fmedia&parent=51"}],"curies":[{"name":"wp","href":"https:\/\/api.w.org\/{rel}","templated":true}]}}