{"id":35,"date":"2017-05-06T07:19:57","date_gmt":"2017-05-06T07:19:57","guid":{"rendered":"http:\/\/schmahl-vellmar.de\/?page_id=35"},"modified":"2022-12-19T13:48:39","modified_gmt":"2022-12-19T13:48:39","slug":"pruefmittelmanagement","status":"publish","type":"page","link":"https:\/\/schmahl-vellmar.de\/?page_id=35","title":{"rendered":"PR\u00dcFMITTELMANAGEMENT"},"content":{"rendered":"<ul>\n<li><span class=\"ms-rteFontFace-1 ms-rteFontSize-3\">Konzeption und Aufbau der Pr\u00fcfmittel\u00fcberwachung entsprechend den Forderungen der DIN EN ISO 9001:2015.<\/span><span class=\"ms-rteFontFace-1 ms-rteFontSize-3\"><br \/>\n<\/span><\/li>\n<li><span class=\"ms-rteFontFace-1 ms-rteFontSize-3\">Erstellung von Pr\u00fcfmittelf\u00e4higkeituntersuchungen nach den Richtlinien von:<br \/>\nGM POWERTRAIN Globale Richtlinie f\u00fcr Maschinen und Fertigungseinrichtungen,<br \/>\nRichtlinie f\u00fcr Messsystemanalysen (EMS) Dok.-Nr. SP-Q-EMS Version 3.4,<br \/>\nBOSCH Heft 10. F\u00e4higkeit von Mess- und Pr\u00fcfprozessen,<br \/>\nDaimler Chrysler Leitfaden LF05 V1.1 QMP 45 Eignungsnachweis von Pr\u00fcfprozessen,<br \/>\nQS9000 Analyse von Messystemen (MSA) Dritte Ausgabe.<\/span><\/li>\n<li><span class=\"ms-rteFontFace-1 ms-rteFontSize-3\">Entwicklung von Messunsicherheitsbudgets nach VDA 5 und GUM.<\/span><\/li>\n<li><span class=\"ms-rteFontFace-1 ms-rteFontSize-3\">Aufgenommen als f\u00f6rderndes Mitglied im Deutschen Kalibrierdienst (DKD).<\/span><\/li>\n<\/ul>\n<figure id=\"attachment_36\" aria-describedby=\"caption-attachment-36\" style=\"width: 424px\" class=\"wp-caption alignnone\"><img loading=\"lazy\" decoding=\"async\" class=\"size-full wp-image-36\" src=\"http:\/\/schmahl-vellmar.de\/wp-content\/uploads\/2017\/05\/Fotolia_36432040_XS.jpg\" alt=\"\" width=\"424\" height=\"283\" srcset=\"https:\/\/schmahl-vellmar.de\/wp-content\/uploads\/2017\/05\/Fotolia_36432040_XS.jpg 424w, https:\/\/schmahl-vellmar.de\/wp-content\/uploads\/2017\/05\/Fotolia_36432040_XS-300x200.jpg 300w\" sizes=\"auto, (max-width: 424px) 100vw, 424px\" \/><figcaption id=\"caption-attachment-36\" class=\"wp-caption-text\">Qualit\u00e4tssicherung<\/figcaption><\/figure>\n","protected":false},"excerpt":{"rendered":"<p>Konzeption und Aufbau der Pr\u00fcfmittel\u00fcberwachung entsprechend den Forderungen der DIN EN ISO 9001:2015. Erstellung von Pr\u00fcfmittelf\u00e4higkeituntersuchungen nach den Richtlinien von: GM POWERTRAIN Globale Richtlinie f\u00fcr Maschinen und Fertigungseinrichtungen, Richtlinie f\u00fcr Messsystemanalysen (EMS) Dok.-Nr. SP-Q-EMS Version 3.4, BOSCH Heft 10. F\u00e4higkeit von Mess- und Pr\u00fcfprozessen, Daimler Chrysler Leitfaden LF05 V1.1 QMP 45 Eignungsnachweis von Pr\u00fcfprozessen, QS9000 &hellip; <\/p>\n<p class=\"link-more\"><a href=\"https:\/\/schmahl-vellmar.de\/?page_id=35\" class=\"more-link\"><span class=\"screen-reader-text\">\u201ePR\u00dcFMITTELMANAGEMENT\u201c <\/span>weiterlesen<\/a><\/p>\n","protected":false},"author":1,"featured_media":191,"parent":0,"menu_order":0,"comment_status":"closed","ping_status":"closed","template":"","meta":{"footnotes":""},"class_list":["post-35","page","type-page","status-publish","has-post-thumbnail","hentry"],"_links":{"self":[{"href":"https:\/\/schmahl-vellmar.de\/index.php?rest_route=\/wp\/v2\/pages\/35","targetHints":{"allow":["GET"]}}],"collection":[{"href":"https:\/\/schmahl-vellmar.de\/index.php?rest_route=\/wp\/v2\/pages"}],"about":[{"href":"https:\/\/schmahl-vellmar.de\/index.php?rest_route=\/wp\/v2\/types\/page"}],"author":[{"embeddable":true,"href":"https:\/\/schmahl-vellmar.de\/index.php?rest_route=\/wp\/v2\/users\/1"}],"replies":[{"embeddable":true,"href":"https:\/\/schmahl-vellmar.de\/index.php?rest_route=%2Fwp%2Fv2%2Fcomments&post=35"}],"version-history":[{"count":5,"href":"https:\/\/schmahl-vellmar.de\/index.php?rest_route=\/wp\/v2\/pages\/35\/revisions"}],"predecessor-version":[{"id":270,"href":"https:\/\/schmahl-vellmar.de\/index.php?rest_route=\/wp\/v2\/pages\/35\/revisions\/270"}],"wp:featuredmedia":[{"embeddable":true,"href":"https:\/\/schmahl-vellmar.de\/index.php?rest_route=\/wp\/v2\/media\/191"}],"wp:attachment":[{"href":"https:\/\/schmahl-vellmar.de\/index.php?rest_route=%2Fwp%2Fv2%2Fmedia&parent=35"}],"curies":[{"name":"wp","href":"https:\/\/api.w.org\/{rel}","templated":true}]}}