{"id":2,"date":"2016-05-10T03:48:21","date_gmt":"2016-05-10T03:48:21","guid":{"rendered":"http:\/\/schmahl-vellmar.de\/?page_id=2"},"modified":"2025-03-14T12:57:19","modified_gmt":"2025-03-14T11:57:19","slug":"sample-page","status":"publish","type":"page","link":"https:\/\/schmahl-vellmar.de\/","title":{"rendered":"HOME"},"content":{"rendered":"<pre><strong>QUALIT\u00c4TSMANAGEMENT+BERATUNG+FERTIGUNGSMESSTECHNIK<\/strong><\/pre>\n<p><img loading=\"lazy\" decoding=\"async\" class=\"size-medium wp-image-7 alignnone\" src=\"http:\/\/schmahl-vellmar.de\/wp-content\/uploads\/2017\/05\/400dpiLogo-300x98.jpg\" alt=\"\" width=\"300\" height=\"98\" srcset=\"https:\/\/schmahl-vellmar.de\/wp-content\/uploads\/2017\/05\/400dpiLogo-300x98.jpg 300w, https:\/\/schmahl-vellmar.de\/wp-content\/uploads\/2017\/05\/400dpiLogo-768x251.jpg 768w, https:\/\/schmahl-vellmar.de\/wp-content\/uploads\/2017\/05\/400dpiLogo-1024x334.jpg 1024w\" sizes=\"auto, (max-width: 300px) 100vw, 300px\" \/><\/p>\n<p>Ich biete Ihnen kompetente Ingenieurdienstleistungen aus dem allgemeinen Maschinenbau. Mit dem Schwerpunkt in der Fertigungsmesstechnik und dem Qualit\u00e4tsmanagementsystem nach DIN EN ISO 9001 sowie DIN EN ISO\/IEC 17025.<\/p>\n<p>Durch meine langj\u00e4hrige Erfahrung in der Fertigungsmesstechnik und dem Qualit\u00e4tsmanagement,\u00a0sowie einem funktionierenden Netzwerk von qualifizierten Partnern k\u00f6nnen Sie Ihr Vertrauen in eine kompetente und flexible Auftragsabwicklung setzen. Ich bin Mitglied im Verein Deutscher Ingenieure e.V. in der fachlichen Zuordnung der Mess- und Automatisationstechnik und Mitglied des VDI-DGQ Regionalkreis Kassel, sowie Mitglied im DGQ Deutschen Gesellschaft f\u00fcr Qualit\u00e4t e.V.<\/p>\n<h5><strong>Sie sto\u00dfen an die Grenzen Ihrer Kapazit\u00e4t?<\/strong><\/h5>\n<p><strong><img loading=\"lazy\" decoding=\"async\" class=\"wp-image-39 size-full alignnone\" src=\"http:\/\/schmahl-vellmar.de\/wp-content\/uploads\/2017\/05\/Fotolia_28127892_XS.jpg\" alt=\"\" width=\"425\" height=\"282\" srcset=\"https:\/\/schmahl-vellmar.de\/wp-content\/uploads\/2017\/05\/Fotolia_28127892_XS.jpg 425w, https:\/\/schmahl-vellmar.de\/wp-content\/uploads\/2017\/05\/Fotolia_28127892_XS-300x199.jpg 300w\" sizes=\"auto, (max-width: 425px) 100vw, 425px\" \/><\/strong><\/p>\n<h5><strong>Oder Sie ben\u00f6tigen f\u00fcr ein bestimmtes messtechnisches Projekt fachkundige und professionelle Hilfestellung?<\/strong><\/h5>\n<h5><strong>Vielleicht verf\u00fcgen Sie auch nicht \u00fcber das entsprechende messtechnische Equipment?<\/strong><\/h5>\n<hr \/>\n<h6><strong><em>\u00dcber meine Intention<br \/>\n<\/em><\/strong><\/h6>\n<p>Ich \u00fcbernehme f\u00fcr Sie gesamte Projekte\u00a0oder unterst\u00fctzen Sie gerne in Teilbereichen. Bauen Sie auf meine langj\u00e4hrige Erfahrung und Kompetenz!<\/p>\n<p>Wenn notwendig, ist mein Projektteam interdisziplin\u00e4r zusammengesetzt und arbeitet dabei Hand in Hand. So haben Sie die Sicherheit, dass Ihre Aufgaben stets von kompetenten Spezialisten erledigt wird.<\/p>\n<p>Weiterhin arbeite ich als f\u00f6rderndes <a href=\"http:\/\/www.ptb.de\/cms\/dienstleistungen\/dkd.html\" target=\"_blank\" rel=\"noopener noreferrer\">Mitglied des deutschen Kalibrierdienstes (DKD)<\/a> aktiv in den Fachaussch\u00fcssen des Deutschen Kalibrierdienstes DKD und dem VDI\/VDE-GMA\u00a0 Fachausschuss 4.11 Pr\u00fcfmittel\u00fcberwachung, sowie VDI\/VDE-GMA Fachausschuss 4.31 Koordinatenmesstechnik mit. In diesen Fachaussch\u00fcssen werden meine Erfahrungen auf diesen Gebieten stetig erweiterter und \u00fcber einen regelm\u00e4\u00dfigen Erfahrungsaustausch vertieft. In diesen Gremien werden grundlegende Richtlinien im Bereich der Fertigungsmesstechnik erarbeitet.<\/p>\n<p>Wir laden Sie herzlich ein, sich auf den folgenden Seiten detailliert \u00fcber mein Leistungsangebot zu informieren. Mein stetig wachsender Kundenstamm und zufriedene Stammkunden best\u00e4tigen mich immer wieder in der Qualit\u00e4t der erbrachten Dienstleistung. Lassen auch Sie sich davon \u00fcberzeugen!<\/p>\n<p><img loading=\"lazy\" decoding=\"async\" class=\"size-medium wp-image-20 alignnone\" src=\"http:\/\/schmahl-vellmar.de\/wp-content\/uploads\/2016\/05\/Fotolia_37725838_S-300x158.jpg\" alt=\"\" width=\"300\" height=\"158\" srcset=\"https:\/\/schmahl-vellmar.de\/wp-content\/uploads\/2016\/05\/Fotolia_37725838_S-300x158.jpg 300w, https:\/\/schmahl-vellmar.de\/wp-content\/uploads\/2016\/05\/Fotolia_37725838_S-768x405.jpg 768w, https:\/\/schmahl-vellmar.de\/wp-content\/uploads\/2016\/05\/Fotolia_37725838_S.jpg 955w\" sizes=\"auto, (max-width: 300px) 100vw, 300px\" \/><\/p>\n<hr \/>\n<h5><strong>Zur Person des Inhabers<\/strong><\/h5>\n<p><strong><img loading=\"lazy\" decoding=\"async\" class=\"size-medium wp-image-49 alignnone\" src=\"http:\/\/schmahl-vellmar.de\/wp-content\/uploads\/2017\/05\/Homepage-Portrait-300x300.jpg\" alt=\"\" width=\"300\" height=\"300\" srcset=\"https:\/\/schmahl-vellmar.de\/wp-content\/uploads\/2017\/05\/Homepage-Portrait-300x300.jpg 300w, https:\/\/schmahl-vellmar.de\/wp-content\/uploads\/2017\/05\/Homepage-Portrait-150x150.jpg 150w, https:\/\/schmahl-vellmar.de\/wp-content\/uploads\/2017\/05\/Homepage-Portrait-768x768.jpg 768w, https:\/\/schmahl-vellmar.de\/wp-content\/uploads\/2017\/05\/Homepage-Portrait-1024x1024.jpg 1024w, https:\/\/schmahl-vellmar.de\/wp-content\/uploads\/2017\/05\/Homepage-Portrait-100x100.jpg 100w\" sizes=\"auto, (max-width: 300px) 100vw, 300px\" \/><\/strong><\/p>\n<h6><em>Herrn Dipl.-Ing. Uwe Schmahl<\/em><\/h6>\n<p>Ich besitze langj\u00e4hrige Erfahrung als Gr\u00fcnder und Gesellschafter Gesch\u00e4ftsf\u00fchrer, sowie Qualit\u00e4tsmanagement-Beauftragter (QMB), des zertifizierten Pr\u00fcflabors und akkreditierter Kalibrierstelle im Deutschen Kalibrierdienst (DKD) der PMK &#8211; GmbH (Pr\u00fcfen+Messen+Kalibrieren), Zum Solarwerk 4, D-34266 Niestetal .<\/p>\n<p>Diese und die weiteren Erfahrungen aus meiner \u00fcber 30 j\u00e4hrigen Berufserfahrung als Konstrukteur, Projektingenieur, Abteilungsleiter, Vertriebsleiter kennzeichnen eine fundierte Kundenorientierung.<\/p>\n<p>Weiterhin bieten ich Ihnen\u00a0durch kontinuierliche Weiterbildung\u00a0als technischer Betriebswirt und Auditor, sowie\u00a0der Mitarbeit in den regelgebenden VDI-Gremien\u00a0die Sicherheit einer kompetenten und flexiblen Auftragsabwicklung.<\/p>\n<hr \/>\n<h5><strong>Berufst\u00e4tigkeiten<\/strong><\/h5>\n<p><span style=\"color: #0000ff;\"><em>2002 \u2013 Heute <\/em><\/span>PMK-GmbH (Pr\u00fcfen+Messen+Kalibrieren), Niestetal<\/p>\n<p>Gesch\u00e4ftsf\u00fchrender Gesellschafter, DKD-Laborleiter.<\/p>\n<p><span style=\"color: #0000ff;\"><em>2002 \u2013 Heute<\/em><\/span> IBS Ingenieurb\u00fcro Schmahl, Vellmar<\/p>\n<p>Qualit\u00e4tsmanagement+Beratung+Fertigungsmesstechnik, Inhaber<\/p>\n<p>DAkkS Fachbegutachter f\u00fcr Pr\u00fcf.- und Kalibrierlaboratorien nach DIN EN ISO\/IEC 17025, Technischer Betriebswirt (T\u00dcV), Qualit\u00e4tsmanagement-Fachkraft (QMF-T\u00dcV), Qualit\u00e4tsmanagement-Berauftragter (QMB-T\u00dcV), Qualit\u00e4tsmanagement-Auditor (QMA-T\u00dcV) Third-Party Auditor nach den Anforderungen der DIN EN ISO\/IEC 17021 und der DIN EN ISO 19011.<\/p>\n<p><a href=\"http:\/\/www.tuev-sued.de\/management-systeme\/iso-9001\" target=\"_blank\" rel=\"noopener noreferrer\">Kooperationspartner der T\u00dcV S\u00dcD Management Service GmbH<\/a><\/p>\n","protected":false},"excerpt":{"rendered":"<p>QUALIT\u00c4TSMANAGEMENT+BERATUNG+FERTIGUNGSMESSTECHNIK Ich biete Ihnen kompetente Ingenieurdienstleistungen aus dem allgemeinen Maschinenbau. Mit dem Schwerpunkt in der Fertigungsmesstechnik und dem Qualit\u00e4tsmanagementsystem nach DIN EN ISO 9001 sowie DIN EN ISO\/IEC 17025. Durch meine langj\u00e4hrige Erfahrung in der Fertigungsmesstechnik und dem Qualit\u00e4tsmanagement,\u00a0sowie einem funktionierenden Netzwerk von qualifizierten Partnern k\u00f6nnen Sie Ihr Vertrauen in eine kompetente und flexible Auftragsabwicklung &hellip; <\/p>\n<p class=\"link-more\"><a href=\"https:\/\/schmahl-vellmar.de\/\" class=\"more-link\"><span class=\"screen-reader-text\">\u201eHOME\u201c <\/span>weiterlesen<\/a><\/p>\n","protected":false},"author":1,"featured_media":0,"parent":0,"menu_order":0,"comment_status":"closed","ping_status":"open","template":"","meta":{"footnotes":""},"class_list":["post-2","page","type-page","status-publish","hentry"],"_links":{"self":[{"href":"https:\/\/schmahl-vellmar.de\/index.php?rest_route=\/wp\/v2\/pages\/2","targetHints":{"allow":["GET"]}}],"collection":[{"href":"https:\/\/schmahl-vellmar.de\/index.php?rest_route=\/wp\/v2\/pages"}],"about":[{"href":"https:\/\/schmahl-vellmar.de\/index.php?rest_route=\/wp\/v2\/types\/page"}],"author":[{"embeddable":true,"href":"https:\/\/schmahl-vellmar.de\/index.php?rest_route=\/wp\/v2\/users\/1"}],"replies":[{"embeddable":true,"href":"https:\/\/schmahl-vellmar.de\/index.php?rest_route=%2Fwp%2Fv2%2Fcomments&post=2"}],"version-history":[{"count":33,"href":"https:\/\/schmahl-vellmar.de\/index.php?rest_route=\/wp\/v2\/pages\/2\/revisions"}],"predecessor-version":[{"id":286,"href":"https:\/\/schmahl-vellmar.de\/index.php?rest_route=\/wp\/v2\/pages\/2\/revisions\/286"}],"wp:attachment":[{"href":"https:\/\/schmahl-vellmar.de\/index.php?rest_route=%2Fwp%2Fv2%2Fmedia&parent=2"}],"curies":[{"name":"wp","href":"https:\/\/api.w.org\/{rel}","templated":true}]}}